s t(m)?
-3
Let s(d) = -d - 9. Suppose 4 = 3*c - 8. Suppose -m - 12 = -c*m. Suppose j + a - 3 = 4*a, 3*j + 4*a = -m. Determine s(j).
-9
Let n(g) = g + 4. Let r(t) = -t + 45. Let k(x) = -x + 23. Let s(j) = -11*k(j) + 6*r(j). Let q(d) = 9*n(d) - 2*s(d). Let i = -7 - -7. Calculate q(i).
2
Let t(l) be the second derivative of -l**4/12 + 5*l**3/2 - 5*l**2 + 281*l - 1. What is t(13)?
16
Let l be (-6)/4*18 - -4. Let s = l + 19. Let b be (-2)/4 - s/(-8). Let t(v) = 18*v**2 + v + 1. Give t(b).
18
Let l(u) be the third derivative of -u**4/12 + u**3/2 + 714*u**2. Calculate l(2).
-1
Let u(o) = 3 - 17 + 0 + 0 - o + 2. Calculate u(0).
-12
Let z(u) = 2*u - 28. Let y = -1392 - -1406. Calculate z(y).
0
Suppose -19 = -k + 4*q, -3 = -k - 4*q - 16. Suppose 4*y = 3*y + k. Let b(z) = -5 + z**y + 4*z**2 + 0*z**3 + 4. Calculate b(-4).
-1
Let r(i) = -i**2. Let y(v) = v**2 - 7*v - 4. Let h(g) = -2*r(g) - y(g). Let k be -1 - 39/12 - (-6)/(-8). Calculate h(k).
-6
Let k(h) = -8*h - 6. Let f be k(-1). Let n(b) = -3*b**3 + 3*b**2 + 3*b. Let c(u) = 4*u**3 - 3*u**2 - 3*u - 1. Let q(d) = f*c(d) + 3*n(d). Calculate q(3).
7
Let f(l) be the first derivative of -l**4/4 + 2*l**3/3 - 2*l**2 + 5*l + 139. Determine f(2).
-3
Let p(c) = -11*c - 1 + 14*c - c - 9*c. Calculate p(-1).
6
Suppose 0 = 5*m + 2*i + 4, -6*m + 5*i = -m - 10. Let j(u) = m + 2*u + 0*u - 1 - 3*u. Let z be 3 - (-2)/(-4)*0. Determine j(z).
-4
Let k(i) = -i**2 - i + 1. Let y = -988 - -980. Determine k(y).
-55
Suppose 6*m - 9*m = 3. Let p(a) = 3*a + 1. Give p(m).
-2
Let y(z) = 1 + 3 + 1 - 5*z. Suppose 33*p - 161 = -29. Calculate y(p).
-15
Let a = -321 + 329. Let m(s) = s + 10. Determine m(a).
18
Let j(w) = -2403*w + 1 + w**2 + 12 + 2389*w. Calculate j(13).
0
Let z(p) = p**3 + p - 34. Let g be (-2)/4*(3 - 3). Calculate z(g).
-34
Let c(b) = -b**3 - 4*b**2 + 3*b - 7. Suppose 4*t + 9 = -11. Calculate c(t).
3
Let j(l) = 4*l - 19. Let t be (-12 + 11)*18/2. Let i(o) = -5*o + 6. Let b(v) = -4*v + 7. Let x(h) = 3*b(h) - 2*i(h). Let u(w) = t*x(w) - 4*j(w). What is u(4)?
3
Let b be 1/(-3)*(-36)/3. Let n(z) = -z + 1. Let p(c) = -4 - 7 + 17. Let d(l) = -n(l) - p(l). Determine d(b).
-3
Let p(c) = 14*c + 2. Let f = 775 + -776. Give p(f).
-12
Let x(c) = 7*c - 190 + 3*c**3 - 2*c**3 - 7*c**2 + 189. Let n be 0/(-1) - (-1 - 1). Let a = n + 4. Give x(a).
5
Suppose 3*d - 3*q - 31 = q, -12 = -4*d - 2*q. Let o(i) = -i**2 + 5*i - 4. Give o(d).
-4
Let c be 2/(-5)*(-80)/16. Suppose -20 = 4*o + o - s, -16 = 4*o + c*s. Let n(x) = 1. Let g(v) = 2*v + 12. Let y(i) = g(i) - 12*n(i). What is y(o)?
-8
Let g be 4*((-56)/16 - -2). Let l(a) = a**3 + 5*a**2 + a + 8. What is l(g)?
-34
Let d(u) = 2*u - 10*u**2 - u**2 + u**2 + 1 + 0*u**2. Determine d(-1).
-11
Suppose -2*s - 1 - 3 = g, -9 = -4*g - 3*s. Let u(m) = 5*m**2 - 6*m**3 - 3 + 5*m - 11*m**3 + 16*m**3. Determine u(g).
-9
Let d(o) be the third derivative of o**4/24 - 7*o**3/6 - o**2. Suppose 27*r = 22*r + 25. Let z be d(r). Let c(n) = -n**3 - 2*n**2 - 3*n - 1. Determine c(z).
5
Suppose o = -5*j + 24, 4*o - 2*o - 23 = -5*j. Let q(p) be the first derivative of -p**4/4 + 4*p**3/3 + 4*p**2 - 4*p - 127. Give q(j).
11
Let t(i) = i**2 - 9*i + 9. Suppose 16*x = -2*w + 19*x + 23, 4*w = 4*x + 40. Give t(w).
-5
Let b(l) = -1 + l**2 + l - l**3 + 3 + 0. Suppose -2*t - z + 7 = 0, 5*t - 19 = z - 4*z. Calculate b(t).
0
Suppose -11 = s - 29. Let k be (-10)/45 + 112/s. Let m(r) be the third derivative of -r**6/120 + r**5/12 + 5*r**4/24 + 5*r**3/6 - r**2. Determine m(k).
-1
Let h(b) = 4*b + 5. Let w(o) = 5*o + 5. Let j(a) = 2*a**2 + 5*a + 6. Let l be j(-8). Let p be 6/27 + l/(-18). Let t(d) = p*w(d) + 6*h(d). Determine t(5).
0
Suppose 0*s + 96 = 2*s. Suppose s = 10*q - 2*q. Let c(l) = l**2 - 5*l + 6. Calculate c(q).
12
Let d(x) = -1. Let k(t) = -t - 2. Let l(j) = -7*d(j) + 2*k(j). Let c(g) = -9*g + 13. Let o be c(-4). Let a = o + -53. Give l(a).
11
Let j(b) = b**3 + 5*b**2 - b - 8. Let p = -13 + 16. Let v(g) = 7*g**2 - p*g - 7 - 4*g**2 + g**2 + g**3 + 2*g. Let a(i) = -3*j(i) + 2*v(i). Calculate a(-7).
3
Suppose 3*h = -64 + 55. Let g(j) = j**3 + 8*j - 1. Let d(t) = t**3 - t**2 + 15*t - 1. Let n(s) = h*d(s) + 5*g(s). What is n(-3)?
-14
Let h(d) = -16*d + 76. Let o(p) = -3*p + 15. Let z(i) = 2*h(i) - 11*o(i). Let k be 3 + -4 + 2 + -1. Determine z(k).
-13
Let i = -108 - -112. Let l(f) = -i - 4 + 10 - 4 - f. Let x(t) = -t**2 - 2*t + 1. Let u be x(-3). What is l(u)?
0
Let a(r) = r**3 - 5*r**2 + 4*r - 4. Let o(y) = 6*y**3 - 25*y**2 + 17*y - 21. Let l(b) = 11*a(b) - 2*o(b). Calculate l(-7).
26
Let t = 18 + -18. Let l be (5/15*t)/(-2). Let u(p) = p**3 + p. Determine u(l).
0
Let v(p) = 54*p + 3 + 2 - 1 - 51*p. Calculate v(-3).
-5
Let p(m) be the first derivative of -m**3 - 2*m**2 - 4*m + 33. Suppose 0 = 11*n + 30 + 3. What is p(n)?
-19
Let g(m) be the third derivative of 0*m + 0 - 1/12*m**4 + 30*m**2 - 2/3*m**3. Calculate g(3).
-10
Suppose -5*o - b + 14 = 0, 3*o + 2 = 2*o + b. Suppose 0 = o*w - 5*h + 25 + 11, -4*h - 24 = 5*w. Let c(p) = -p**3 - 9*p**2 - 7*p + 11. What is c(w)?
3
Let g be (-12)/(-18) - (-26)/6. Suppose 3*m = 0, -2*j + 5*m = 1 - g. Let x(p) = p**2 - 2. Let y be x(j). Let o(l) = l + 1. Determine o(y).
3
Suppose 24 = -3*u + 18. Let n(k) be the first derivative of -2/3*k**3 - 3/2*k**2 + 0*k + 5. Give n(u).
-2
Suppose 6 = 3*y - 3*g - g, -4*y + 8 = -g. Let l(o) = -5*o**y - o**3 + 15*o - o**2 - 4 - 21*o. What is l(-5)?
1
Let a(w) = -w**2 + 6*w - 3. Let z(f) = -f**2 - 9*f - 4. Let d be z(-8). Suppose 0*m + 28 = -d*m. Let v be -2 - -1 - 1*m. Calculate a(v).
-3
Let a(z) = 2*z**2 - 19*z - 9. Let k be a(10). Let f(g) = -g - 2. Let h(w) = -1. Let r(n) = k*f(n) - 3*h(n). Calculate r(-6).
7
Let i(p) = -2*p - 3 - 2*p**2 - 1227*p**3 - p + 1228*p**3. Calculate i(4).
17
Suppose -11 + 37 = -13*n. Let y(a) = -2*a - 10. Calculate y(n).
-6
Let o(t) be the first derivative of 2/3*t**3 - 5 + 0*t + 1/2*t**2. Suppose -5*l = 2*s - 0*l + 1, 0 = 2*s + 3*l + 3. Calculate o(s).
15
Let t(n) = -1 - 5*n + 0 + 9 + n**2 - 9 + 5. Give t(5).
4
Suppose -m - 2*m - 3*p + 12 = 0, -4*m + 3*p = -2. Suppose 0*a - m*a = -8. Let z(b) = -b - 2. Calculate z(a).
-6
Let h(g) = g**2 - 19*g + 37. Let b = -55 + 73. Give h(b).
19
Suppose -16 = -43*u + 39*u. Let t(r) be the first derivative of -r**3/3 + 2*r**2 + 2*r + 4. Determine t(u).
2
Let n be (75/30)/((-1)/(-2)). Let p(t) = -3*t**2 + n*t**2 + 2*t - 3*t**2 + 0*t**2 - 2. Give p(2).
-2
Suppose 0 = -a - 3*y + 11, -4*a + y - 4*y + 26 = 0. Let c(d) = 6 - a*d - d**2 - 4 + 0*d - 4. Calculate c(-2).
4
Let l be -3*4*(-4)/24. Let c be 18/(-15)*10/(-3). Let x(n) = 6*n**l - c - 8*n - 5*n**2 + n. Determine x(6).
-10
Let d(o) be the first derivative of -3*o**4/2 - 48. Let u = 16 - 15. Give d(u).
-6
Let k(i) = 4*i**2 - 9*i**2 + 9*i**2 + 4*i**3 - 3*i**2 + 1 + 2*i. Give k(-1).
-4
Let a be (-3)/(-1) + (-2 - 0). Let v(u) = -u**3 + 15*u**2 - 3*u + 31. Let p be v(15). Let x be (-4)/(-8)*a*p. Let j(l) = -l**3 - 8*l**2 - 8*l - 8. What is j(x)?
-1
Suppose -3*v + 17 - 2 = 0. Suppose r = 1 + 3. Let t(k) = -k + 7 + r + 1 - 5. What is t(v)?
2
Let s(a) = 3*a - 3. Suppose 3*x = q - 19, q + 4*q + x = 79. Suppose 4*r = -y - q, -2*y = 2*y - 5*r - 41. What is s(y)?
9
Let c(t) = -2*t**2 - 2*t - 3. Let s(p) = 2*p**2 + 3*p + 2. Let q(r) = 4*c(r) + 5*s(r). Determine q(-5).
13
Suppose -7*s - 44 = 2*o - 2*s, 0 = -4*o - 3*s - 46. Let n(y) = y + 5 - 3 + 4. Determine n(o).
-1
Suppose 4*x = 9 + 19. Suppose 1 - x = -2*a. Suppose -9 = p - a. Let y(n) = -n**3 - 5*n**2 + 6*n - 2. Calculate y(p).
-2
Let t(o) = -o**2 + 13*o + 20. Let x be t(14). Let z(h) = -h - 13 - x + 23. Calculate z(3).
1
Let r(s) = 4*s**3 - 8*s**2 + 7*s + 5. Let f(z) = 9*z**3 - 17*z**2 + 15*z + 10. Let n(q) = 3*f(q) - 7*r(q). Let j be (-6)/(-2) + 2 + -1. Determine n(j).
-5
Let r(i) = 3*i - 1. Let l(w) = -13*w + w - 3*w + 4 + 5*w. Let a(v) = 5*l(v) + 16*r(v). Calculate a(4).
-4
Let y(k) = 2 - k**3 - 2 + k**2 + 4*k + 4 + 4*k**2. Calculate y(6).
-8
Let q(z) = z**3 - 4445*z**2 + 3 - 4 + 4445*z**2. Suppose -2*s + 7 = 5*j, 2*s - 3 = -5*j + 4*s. Calculate q(j).
0
Let l be -2*(-4)/(-16) + 45/6. Let z(v) = -23*v + 8 + l + 22*v - 5. Give z(7).
3
Suppose 2*x - 13 = 2*p + 15, 3*x + 3*p - 12 = 0. Let f(d) = -d**2 + 8*d - 3. Determine f(x).
-12
Let u be -4*1/2*39/(-26). Let x(w) be the second derivative of -1